 18*k**2 - 239*k - 53. Let c be w(-17). What is the highest common factor of 49 and c?
49
Suppose 2*v = -4*t - 3*v + 33605, -2*v = -3*t + 25198. Let z be (18/24)/(36/t). Calculate the highest common factor of 105 and z.
35
Let o be (54/(-24))/(3/(-32)). Let h(q) = 3*q**2 + 5*q - 4. Let f be h(2). What is the greatest common divisor of o and f?
6
Suppose -5*i - 182 = -607. Let w = i - 72. Suppose 0 = -17*o + w*o + 112. Calculate the greatest common factor of 126 and o.
14
Let q(a) = 165*a**3 - a**2 + 3*a - 22. Let w be q(3). Suppose -11*p - w = -24*p. What is the highest common factor of 11 and p?
11
Suppose 149*l = 2*z + 146*l - 59, 0 = -5*z + 2*l + 164. What is the highest common factor of z and 221?
17
Suppose g + 80 = -344. Let f = -200 - g. Calculate the highest common factor of f and 28.
28
Suppose 3*q = q - t + 16, -5*q + 4*t + 40 = 0. Suppose -q*i + i + 77 = 0. Calculate the highest common factor of 55 and i.
11
Let j be 0/(-1) - (-4 + (-7 - 4987)). Calculate the highest common factor of j and 34.
34
Let q be (-2 - -2) + 0/(-4). Suppose q = -24*a + 29*a - 80. Suppose -28*d + 32*d = a. What is the greatest common factor of d and 20?
4
Suppose 3*v + 72 = 4*w - 23, -2*v = -14. What is the greatest common divisor of w and 16153?
29
Let o be 48/40*(-42 + 2). Let p be (2 - 2)/(-2) - o. Calculate the greatest common divisor of p and 228.
12
Suppose -952 = 81*s - 86*s - 4*k, 0 = 3*s + 5*k - 566. What is the highest common factor of s and 1944?
24
Suppose 4*o + 350 = -31*o. Let m be (-438)/(-5) + o/(-25). Calculate the greatest common divisor of m and 40.
8
Suppose 5*a - 605*h - 624 = -602*h, 2*a - 251 = h. What is the highest common factor of a and 3397?
43
Suppose 5*i = -5*c + 40, -4*i + 56*c + 60 = 53*c. Suppose 3*r - 29 = -4*w, -5*r + 26 + 1 = 4*w. What is the highest common divisor of i and w?
4
Let f(b) = -255*b - 246. Let v be f(-5). Calculate the greatest common factor of v and 63.
21
Let o(d) = 42*d**3 + 2*d**2 - 2. Let y be o(1). Let g be -23 - (-4 - 4 - -4). Let s = g - -25. What is the highest common divisor of s and y?
6
Suppose -4*j - 30 = -3*o, -1260*o - 3*j = -1258*o - 20. Calculate the greatest common divisor of 52 and o.
2
Let n(b) = 2*b**2 - 27*b + 46. Let f be n(0). Calculate the greatest common divisor of 851 and f.
23
Suppose 240648 = 486*s - 257988. Calculate the greatest common divisor of s and 216.
54
Let k = -68 - -73. Suppose 3*u - 4 = 4*z, u - k*z - 18 = -7*z. Let w be 0 + (-200)/(-5)*2/4. Calculate the highest common factor of u and w.
4
Suppose -19645 = 163*p - 197641. What is the highest common factor of p and 756?
84
Suppose 48*n - 564 = 42*n. Suppose d = -4*k + 4 + 15, 4*d = 2*k + n. Calculate the highest common divisor of 69 and d.
23
Let b = 11779 - 11735. What is the greatest common divisor of 836 and b?
44
Suppose 2*i + 4*t - 5*t = 91, -4*t = -5*i + 229. What is the highest common divisor of 1905 and i?
15
Let g = -92 + 94. Let h be -5 + -50 - (-1 - (-4)/g). Let p be (-3 + 5 + -8)*h/6. What is the greatest common divisor of p and 7?
7
Let b(g) = g**2 - 2. Let y(x) = -x**3 + 12*x**2 + 15*x - 6. Let s(n) = -2*b(n) - y(n). Let v be s(15). Calculate the highest common divisor of v and 10.
10
Let o = 154 + -106. Let g be 36/(-10)*12/o*-10. What is the highest common divisor of 72 and g?
9
Suppose 0*h = -2*h + 30. Let u(z) = -z**3 - 53*z**2 - 71*z - 373. Let p be u(-52). What is the greatest common divisor of p and h?
15
Let u(x) = -x**2 + 2*x + 3. Let d be u(-2). Let a(f) = -f + 9. Let o be a(d). Suppose 4*q + 11 - 179 = 0. Calculate the highest common divisor of o and q.
14
Let s(k) = 2*k**3 + 27*k**2 - 40*k - 690. Let p be s(-12). Let w be (-6)/(-21) + (-248)/(-14). What is the greatest common divisor of p and w?
6
Suppose 0*m - m = -55. Suppose 15*q - m = 20*q. Let i be 9 - (-1 - (5 + q)). What is the highest common divisor of 36 and i?
4
Let s(w) = 6*w**2 - w + 2. Let p be s(3). Let o be 171/(-4)*1216/(-57). Suppose -o = -17*z + 1791. Calculate the highest common divisor of p and z.
53
Suppose 0 = -g + 6*g - 165. Let m = g - 8. Let o(q) = 2*q**2 + 13*q + 11. Let p be o(-6). Calculate the highest common divisor of m and p.
5
Suppose -5*f - 2*t = -21, -5*f - 11 = -6*f + 3*t. Let z be (f/(50/12))/(2/75). Calculate the highest common factor of 5 and z.
5
Suppose 4*g + 21 - 29 = 0. Suppose -4*x + 1141 + 143 = 2*p, -3*p = g*x - 650. What is the highest common divisor of x and 29?
29
Let g(b) = 43*b**2 - 80*b + 6. Let n be g(4). Let f = n - 319. Suppose 3*l - 45 + 12 = 0. What is the highest common factor of l and f?
11
Let n be 462/30 + (-12)/30. Let u be (-2 - -3) + -2 - -3. Let z be -1*(u/(-9) + (-133)/9). Calculate the highest common divisor of n and z.
15
Let y = -11374 - -11536. Let j(a) = 6*a**2 + a - 6. Let f be j(6). What is the greatest common divisor of y and f?
54
Let i = -4188 + 4925. What is the highest common factor of 268 and i?
67
Let x(w) = w**2 + 7*w. Let l be x(-11). Suppose 0 = -a + 6, -3*q + a - 140 = -860. What is the highest common factor of q and l?
22
Let t = -4363 + 4374. Let w = 8 + 0. Suppose t*u - w*u = 24. What is the greatest common factor of 80 and u?
8
Suppose -10 = -2*k + 2. Suppose -3*p + 12 = -k. Let j(r) = -907*r + 4538. Let z be j(5). Calculate the greatest common divisor of z and p.
3
Let x be -72 + 72 + (-4)/(12/(-231)). What is the greatest common factor of 448 and x?
7
Let i(n) = -3*n - 1. Let o be i(-3). Let y = -3907 - -3908. Calculate the highest common factor of y and o.
1
Let w(v) = 7*v**2 - 9*v - 3. Let p be w(5). Let r = p - 126. What is the greatest common factor of 2 and r?
1
Let m be -140*(1 - 6/4). Let j be ((-135)/12)/(1155/240 - (-5)/(-1)). Let b = m - j. Calculate the highest common divisor of 120 and b.
10
Let t(r) = -r + 102. Let s be t(0). Suppose -90579 = -131*q + 99575 + 50362. What is the greatest common divisor of s and q?
102
Let q(o) = -8*o - 21. Let g be q(-6). Let k(l) = -l + 13. Let n be k(12). Let y be 18/((n + 0)/(9/9)). Calculate the greatest common factor of g and y.
9
Let i = 106 - 97. Suppose 0 = -2*p - 2*b + 92, -i = 3*b + 3. Suppose 5*l + 5*g + p = 6*l, 0 = 3*l - 5*g - 140. What is the highest common divisor of l and 27?
9
Let z = 30 + -16. Suppose -10 = -y - 5*g + 9 - 70, 2*g = -22. Calculate the greatest common factor of z and y.
2
Suppose 574*b = 541*b + 23034. Calculate the greatest common factor of b and 14309.
349
Suppose p + 2*o - 3429 = -2*o, 4*p - 13692 = -4*o. What is the highest common factor of 22 and p?
11
Let p(y) = -21*y + 8. Suppose 18 = 3*m + 3*m. Suppose -m*q - 5 = w - 0*w, -4*q = 2*w + 12. Let n be p(w). What is the highest common factor of 22 and n?
22
Let q(n) = -n**2 - 11*n + 3. Let b be q(-11). Suppose -3*r + 465 = 2*v, b*v = r + r + 717. What is the greatest common divisor of v and 316?
79
Suppose -5*s + 10 = -4*d, 4*d - 4*s - 10 = -9*s. Suppose 2*v + d = 6, -5*j + 3*v + 331 = 0. Calculate the highest common factor of j and 4.
4
Let b = 522 + -519. Suppose 3*z + m = 2*z + 5, 0 = -b*z - 4*m + 18. Calculate the greatest common factor of z and 32.
2
Let h be (4 + -3 - 1) + 11. Suppose 3*l - 4 = 4*l, 2*s + 6 = -3*l. Suppose -2*u - 11 = -s*u. What is the greatest common divisor of u and h?
11
Let g = -398 + 433. Let y = 18 + g. Calculate the highest common divisor of 424 and y.
53
Let j(k) = -95 - 12 + 12*k - 67 - 7. Let n be j(18). Calculate the highest common divisor of 25 and n.
5
Suppose 16*g + 1133 = 5*y + 12*g, -3*y + 3*g = -681. What is the greatest common factor of y and 855?
45
Suppose -4*x = -10*x + 72. Suppose -64*j + 67*j - x = 0. Suppose -10 = -5*u + 5*z, j*u + 6 = 2*z + 22. What is the highest common divisor of 6 and u?
6
Let b = -8750 - -8915. Calculate the greatest common divisor of b and 41415.
165
Suppose -10163 = 40*h - 37363. Calculate the highest common factor of 80 and h.
40
Suppose -10*n + 6*n + 36 = 0. Suppose 20*r + 0 = 60. Suppose r*v = 9 - 21, c = 4*v + 61. Calculate the greatest common factor of n and c.
9
Let v be 2/8*(-8 - -16). Suppose 2*o = v, -5*o - 10 = -3*h - 0*o. Suppose h*j + 5*s = 10, j + 3*j - 4*s = 0. What is the highest common divisor of j and 3?
1
Let y be 184/(-69) + 2/(-6). Let i be -7 - -103 - (-3)/y. What is the greatest common divisor of 5 and i?
5
Suppose p + u = 255, -3